ermine d(n).
-13
Let o(f) = -3*f**2 + f + 4*f**2 + f + f - 7. Let w be o(-5). Let h(n) = -7 + 3*n**2 - 36*n**w + 37*n**3 - 4*n**2. Give h(0).
-7
Let w(a) = a - 3. Let i(s) = -s + 2. Let o be -7 - -3 - (-38)/2. Let b be (-40)/o - 3/9. Let j(p) = b*w(p) - 4*i(p). Determine j(5).
6
Let u(m) = -16*m - 4 - 40*m - 14*m + 72*m. Suppose 3*y = 4*y - 5. Calculate u(y).
6
Let h be ((-52)/(-6))/((96/18)/8). Let q(u) = h*u + 8*u - 16 - 35*u + 15*u. Determine q(7).
-9
Let f be 1/(-4) - (7 - 87/12). Let y(b) be the first derivative of -1/4*b**4 - 1/3*b**3 + 2 + 0*b**2 + 14*b. Calculate y(f).
14
Let w = -1508 - -1512. Let h(j) be the first derivative of 1/2*j**2 - 9 + 0*j**3 + j - 1/2*j**w. Give h(2).
-13
Let s(a) = -39*a + 78*a - 40*a - 11. Let r(p) = 2*p + 21. Let x(j) = -2*r(j) - 5*s(j). Give x(-10).
3
Let c(t) = 3*t**3 - 2 - 2 - 2*t**3 - 7*t**2. Let s be 70/(-25)*30/16*16/(-12). What is c(s)?
-4
Let n(u) = -2*u**2 + 55*u + 154. Let g be n(30). Let r(j) = -2*j + 3. What is r(g)?
-5
Suppose 73 = -9*n + 19. Let r = -15 - n. Let y(v) = v + 10. What is y(r)?
1
Suppose -2*f = -4*f + 6. Let d(o) = 1 + o**f - 7*o**2 - 4*o + 2 - 4*o. Let w be (109 + -117)*(2 - 3). Calculate d(w).
3
Let s(d) = 2*d**2 + 16 - 21 - d**2 - 7*d. Let g be s(7). Let j(z) = -z - 6. Let h(r) = 2*r + 13. Let p(u) = -6*h(u) - 13*j(u). Give p(g).
-5
Let h(s) = 0 + 586*s**2 + s**3 + 6*s - 581*s**2 + 2. What is h(-4)?
-6
Let p(i) be the second derivative of -1/2*i**2 - 1/12*i**4 - 1/3*i**3 - 4*i + 0. Suppose -5*t + 6*t - c + 1 = 0, -20 = -5*c. Give p(t).
-16
Let i(x) = 23*x - 113*x - 7 + 79*x. Calculate i(-1).
4
Let r(u) be the second derivative of u**4/12 + 5*u**3/6 - u**2/2 + 8*u. Let y(t) be the first derivative of r(t). Let h(q) = q - 3. Let n be h(-3). Give y(n).
-7
Let z(o) = -1 + 3 - o**3 - 8*o - 8*o**2 + 0 - 11. Give z(-7).
-2
Suppose 0 = -5*f - h - 15, -34*f + 21 = -38*f + h. Let s(a) be the first derivative of 1/4*a**4 + a**3 - 2*a**2 + 0*a + 1. Calculate s(f).
0
Let h(r) = -r**2 + 14*r + 10. Let a be 4 + 13 - (22 + -19). Calculate h(a).
10
Let y be (-2)/(-6) + 168/(-32) + 5. Let m(x) be the third derivative of -3*x**2 - 1/24*x**4 - 1/3*x**3 + 0 + y*x**5 - 1/120*x**6 + 0*x. Give m(5).
-7
Let u be (-2 - -1)*2/(-2). Let c(w) = -w**3 + 6*w**2 + 2. Let p be c(6). Let m(l) = -6*l**2 - 7*l**2 + p*l**2. Determine m(u).
-11
Let b(x) be the second derivative of -x**6/120 + x**5/60 + x**4/24 - 5*x**3/6 - 9*x**2/2 + 15*x. Let k(g) be the first derivative of b(g). Calculate k(0).
-5
Let h(f) = 6*f**2 + f - 2. Let r = -175 - -177. Give h(r).
24
Suppose 3*i - 1 = 17. Let f(c) = 6*c**2 - c - 10. Let h(r) = -5*r**2 + 9. Suppose 8*t = -15 + 71. Let d(s) = t*h(s) + 6*f(s). Determine d(i).
3
Let m(y) = -y**3 + 68*y**2 - 132*y - 8. Let t be m(66). Let c(i) = -7*i - 25. Let v(q) = -3*q - 12. Let x(b) = -2*c(b) + 5*v(b). What is x(t)?
-2
Suppose 5*f + 3*g + 4 = 0, 0 = -2*f + 3*f + 3*g - 4. Let j(m) be the third derivative of -m**5/60 + m**4/24 - m**3/3 + m**2 + 2. Give j(f).
-8
Let c(d) be the third derivative of -9*d**2 + 0 + 1/60*d**5 + 1/4*d**4 + 7/6*d**3 + 0*d. Give c(-6).
7
Let p(o) = -o**3 + o**2 - o + 1. Suppose -1 = 7*s - 6*s. Let j(l) = -4*l**2 + 3*l - 4. Let x(w) = s*p(w) + j(w). Give x(4).
-5
Let l(s) = -2*s**3 - s**2 + s + 4*s**3 - s**3 - 6469 + 6444. Let n be 10/(-45) + 2/9. Give l(n).
-25
Let f(k) = k**2 - 5*k - 5. Suppose -149*r - 16 = 4*z - 151*r, 2*z + r + 12 = 0. Calculate f(z).
45
Let s = 57 + -29. Let x be 25/(-2)*s/7. Let h be (-6)/(-36) + x/12. Let k(y) = y**3 + 4*y**2 - 3*y + 2. Calculate k(h).
14
Let f(g) be the first derivative of g**4/4 + 10*g**3/3 + 7*g**2/2 - g + 210. Give f(-9).
17
Let z(r) = -6*r**3 - 2*r**2 + 2*r - 1. Suppose -14*o = -17*o + 9. Suppose -i = o - 4. Give z(i).
-7
Let v(f) be the first derivative of 5*f + 3/2*f**2 + 1/3*f**3 - 2. Suppose -3*i = 5*h - 3, -4*i - i - h - 17 = 0. What is v(i)?
9
Let c(u) = -2*u**3 + 7*u**2 - 1. Let j(g) = 4*g**3 - 13*g**2 + g + 1. Let r(w) = -7*c(w) - 4*j(w). Give r(2).
-9
Let p be -3*(32/12)/(-4). Suppose -5*f = 6*l - 4*l - 38, -p*f + l + 17 = 0. Let n(o) = f*o - 2 - o + 2 - o**2 - 5. Determine n(6).
1
Let u(t) = -3*t + 4. Let s be 18/(-45)*5*-3. What is u(s)?
-14
Let w(i) = i. Let h(x) = 2*x + 1. Let t be -2 - ((-3)/(-6))/(3/(-18)). Let a(j) = t*w(j) + h(j). Determine a(1).
4
Let b = -48 - -51. Let p = -3 + 5. Let q(k) = k - 3*k**p - 4*k - b + 0*k**2 - k**3. Determine q(-3).
6
Suppose -2*u = 3*u + 70. Let b(o) = 2*o**2 - 6*o - 23. Let h be b(6). Let j = u + h. Let w(y) = -12*y. What is w(j)?
12
Suppose -10*p + 0*p = -20. Let m(c) be the first derivative of c**2 + p*c - 1/3*c**3 - 4. Give m(3).
-1
Let n(p) = -3*p**2. Suppose a - 2 = 10. Suppose 3*y = 2*g - 33, 32 = -2*y - 0*g - 2*g. Let l = a + y. Give n(l).
-3
Let i(h) = h**2 - 21. Let g = 7 - 1. Suppose -d - g*d = 0. Calculate i(d).
-21
Let k(u) = -u**3 + u**2 + 18. Let i = -339 + 339. Calculate k(i).
18
Let k(q) = q**2 - 19*q - 74. Let j(b) = b**2 - 19*b - 76. Let h(t) = -6*j(t) + 7*k(t). Give h(22).
4
Let p = -1 - -1. Suppose 5*x + 2 - 22 = p. Let h(q) be the first derivative of -2*q**3/3 + 2*q**2 - 2*q - 3. Give h(x).
-18
Suppose -69 = 5*o - 9. Let v = 15 + o. Let h(d) = 2*d. Let n be h(v). Let u(c) = c**3 - 5*c**2 - 7*c + 4. Determine u(n).
-2
Let m(z) = -z**3 + 7*z**2 - 3. Suppose -5*j + 0*o + 29 = 3*o, 1 = -j - 4*o. Give m(j).
-3
Let j(x) = -x**2 - x - 10. Suppose 0 = -2*t + 4*t - 2. Let a be 1/t*(-30)/(-10). Suppose -a*i = 2*i. Calculate j(i).
-10
Let k = -390 - -390. Let f(j) = j**2 + j + 4. What is f(k)?
4
Let n(g) be the first derivative of g**4/4 + 4*g**3 + g**2/2 + 17*g - 167. Give n(-12).
5
Let j(o) = -o**3 - o**2 + o. Let a be (-4)/3*(-3)/2. Suppose a*n + 2*n + 4*y = -4, -2*n = -2*y - 18. Suppose -2*l = -n*l. Calculate j(l).
0
Suppose -2*o + 6*i + 26 = 3*i, -2*i + 27 = 5*o. Let k(d) = d - 3. What is k(o)?
4
Let j(d) be the first derivative of -26 - 3/2*d**2 - 1/3*d**3 - 2*d. Determine j(-3).
-2
Let c(g) = -16*g**3 - 51*g**2 + 60*g + 99. Let y(z) = -3*z**3 - 10*z**2 + 12*z + 19. Let m(r) = -2*c(r) + 11*y(r). Give m(-9).
-16
Let x(z) = -z**3 + 7*z**2 - z + 10. Let a(k) = -k**2 - 9*k + 16. Let m be a(-12). Let o = m + 37. Suppose 3 = -2*l + o. What is x(l)?
3
Let o(r) = -r**3 - 2*r**2 + 2*r - 7. Let v be (-1767)/399 - 12/21. Give o(v).
58
Let v(k) = -2*k - 1. Let l(c) = -c**3 + 3*c**2 + c - 2. Let u be l(-2). Suppose 3*j - u = -1. Suppose -19 = 3*x + 5*m - 0*m, 0 = j*x - m + 13. What is v(x)?
5
Let k(y) = -176*y**3 + 354*y**3 - 36 - 6*y**2 - 7*y - 179*y**3. What is k(-6)?
6
Let i(u) = -24*u. Let w = 323 + -322. What is i(w)?
-24
Suppose -4*q = -3*u - 16, 0 = -12*q + 7*q + 4*u + 20. Let f(r) be the second derivative of -1/20*r**5 + 0 + 0*r**2 + 5*r + 1/3*r**q + 2/3*r**3. Determine f(5).
-5
Let z(o) = o + 2. Let y be 3 + (4 - 2) + -1. Suppose -28 = 4*t - p, 0 = 7*t - 4*t + y*p + 40. Calculate z(t).
-6
Let z(f) = -19 - f**3 - 6*f**2 - 4*f - 19 + 42. Give z(-5).
-1
Suppose 4*c + 22 = -42. Let a = 16 + c. Let v(g) = -g**2 + a*g**2 - 5*g + 11*g. Calculate v(5).
5
Let v(d) = -d + 0*d + 74 - 72. Let w(g) = -g**2 - 3*g - 2. Let s be w(-4). Determine v(s).
8
Let q(c) = -c**2 - 6*c - 8. Suppose 4*n + 0*g = -g + 10, g = -n + 4. Let k(t) = -3*t**2 - 17*t - 25. Let l(b) = n*k(b) - 7*q(b). Determine l(-6).
-6
Let c(n) = -2*n**3 + 63*n**2 - 50*n**2 + 7*n - 3 - 28*n**3. Let f(m) = -20*m**3 + 9*m**2 + 5*m - 2. Let g(h) = -5*c(h) + 7*f(h). What is g(-1)?
-11
Let w be (-1)/5 - (-22)/10. Suppose -5*v = c - v - 16, w*c - 12 = -3*v. Let j(n) = -n**2 + 3*n + c*n**2 - 6*n - 2. What is j(-5)?
-12
Let a be 1 - ((-10)/6 - (-18)/27). Suppose 0 = 3*y - a - 1, -2*f - 3 = -5*y. Let m(s) = -7*s**2 + 2*s - 1. Give m(f).
-6
Let h be (10 + 712/(-72))*27. Let w(f) = -f**3 + 3*f**2 + 6*f + 2. Give w(h).
20
Let j = -75 + 81. Let s(x) be the first derivative of -1/3*x**3 + 3*x**2 + x + j. Give s(6).
1
Let k(h) = 3*h**3 - h - 1. Let p be k(-1). Let f(s) be the second derivative of -s**5/20 - s**4/4 - s**3/2 - 3*s**2/2 - 244*s - 1. Determine f(p).
6
Suppose -3*w - 2*w = g - 25, -5*w - 4*g = -40. Let i(k) be the third derivative of 0 + w*k**2 + 0*k + 7/6*k**3 - 1/24*k**4. Give i(6).
1
Let f(r) = -r**3 - 4*r**2 - 5*r - 6. Let t be (-3443)/44 + ((-3)/(-1))/12. Let z = t + 74. Calculate f(z).
14
Let t = 18 + -